 = 0. Calculate the remainder when s is divided by 3.
0
Let t be 2*(14/4 + -2). Suppose 40 - 176 = -4*d. What is the remainder when d is divided by 36*4*t/48?
7
Suppose -n - 3*n = 36. Let w be (-42)/n*(-6)/(-4). Let f = 49 + w. Calculate the remainder when f is divided by 15.
11
Suppose 5*b - 5 = 10. Suppose 3*z + b*r - 5*r = 908, 2*z = -4*r + 632. Suppose 4*v = 2*s + z, 0 = 4*s + 1 + 19. Calculate the remainder when v is divided by 19.
17
Suppose -2*t - 37 = -57. Calculate the remainder when 66 is divided by t.
6
Suppose -2*v = v + 9. Let w(m) = -m**3 - m**2 + 3*m + 2. Let a(c) = 3*c**2 + c - 5. Calculate the remainder when a(-3) is divided by w(v).
8
Let w(a) = 15*a + 2. Let s be w(5). Let d = -53 + s. Suppose -p + 2*u + 47 = 2*p, 3*p + 2*u - 31 = 0. What is the remainder when d is divided by p?
11
Suppose -4*w - 4*z + 8 = 0, -2*w - 3*w - 4*z = -14. Suppose -34 = -3*a + 4*h, -w*a = -2*a + 3*h - 62. Calculate the remainder when 25 is divided by a.
11
Suppose -8*k - 10*k + 126 = 0. What is the remainder when 60 is divided by k?
4
Let i = -128 + 139. Suppose -i*y + 97 = -46. Calculate the remainder when 153 is divided by y.
10
Let p(b) = 25*b - 75. What is the remainder when p(8) is divided by 19?
11
Let u(t) = t**2 + 10*t - 55. Calculate the remainder when 187 is divided by u(7).
59
Let x = 181 - 169. Calculate the remainder when 45 is divided by x.
9
Let l = 329 + -242. Suppose 47 = c + 17. What is the remainder when l is divided by c?
27
Suppose 2*y + 50 = h, 6*h - 9*h - 3*y + 159 = 0. What is the remainder when 2389 is divided by h?
49
Suppose 2*p = -p + 15. Suppose -3*n - p*c = -36, n - 4*c = c + 12. Calculate the remainder when 178 is divided by n.
10
Let l = 38 + -38. Suppose -5*o + 0*o + 25 = g, l = -3*g + o + 107. Suppose 21 = 2*q - 17. Calculate the remainder when g is divided by q.
16
Let r = -28 - -21. Let v(o) = -o**3 - 9*o**2 - 16*o - 1. Calculate the remainder when 19 is divided by v(r).
6
What is the remainder when (5 - 183/9)*(-198)/12 is divided by 66?
55
Let f = 26 + 216. What is the remainder when f is divided by 49?
46
What is the remainder when (-6)/(-1)*(-1625)/(-250) is divided by 33?
6
Let d = -189 + 220. Calculate the remainder when d is divided by 16.
15
Suppose 4*k = 374 - 130. What is the remainder when k is divided by 9?
7
Let n(j) = -31*j - 13. Let s(f) = 93*f + 40. Let z(r) = 7*n(r) + 2*s(r). What is the remainder when 77 is divided by z(-1)?
17
Let v(z) = -7*z**2 - 10*z - z**3 - 3 + 0*z - 4*z**2 - 10*z. Suppose 3*n = -0*n + 177. What is the remainder when n is divided by v(-9)?
14
Let l(s) = 4*s**3 + 44*s**2 - 7*s + 2. What is the remainder when 234 is divided by l(-11)?
76
Suppose -296 = -2*y + 4*u, 0*u + 710 = 5*y + 5*u. What is the remainder when y is divided by (-70)/15 - -5 - 186/(-9)?
18
Let j = -513 - -520. Suppose -4*v + 33 + 7 = 0. What is the remainder when v is divided by j?
3
Let i be 6/2*(-9)/27. Let x be -2 + (3 - 0) + i. Calculate the remainder when (-2 - 0)*(x - 6) is divided by 4.
0
Let m = -988 - -1010. Calculate the remainder when 71 is divided by m.
5
Let w = 443 + -429. Calculate the remainder when 50 is divided by w.
8
Let p = -36 + 57. What is the remainder when (60/70)/((-2)/(-238)) is divided by p?
18
Suppose 4*y + r = -22 - 16, 3*y = -4*r - 22. Let h = 32 + y. What is the remainder when h is divided by 4?
2
Let j(g) = g**2 - 5*g - 10. Let m be j(-6). Let n = m - 37. Suppose -2*y + 6 = -66. Calculate the remainder when y is divided by n.
17
Suppose 25*c = 13*c + 336. What is the remainder when 277 is divided by c?
25
Suppose -14*a - 3*g = -16*a + 78, -a - g = -49. What is the remainder when 86 is divided by a?
41
Suppose -2*i = 18 + 6. Let g = 333 - 330. What is the remainder when (-78)/(-2) - i/g is divided by 11?
10
Let k(y) = 34 - 98 + 7*y + 18 + 2*y. What is the remainder when 65 is divided by k(7)?
14
Let q be 132/28 + 2/7. Let r(c) = q - 6*c + 5*c + 0*c. What is the remainder when 36 is divided by r(-8)?
10
Let q(k) = 2*k**2 - 4*k + 3. Suppose -16*i = -21*i + 20. Calculate the remainder when q(3) is divided by i.
1
Suppose 0 = 4*q + 22*c - 24*c - 2218, -5*c + 2810 = 5*q. What is the remainder when q is divided by 20?
17
Let y = 222 - 209. What is the remainder when 49 is divided by y?
10
Suppose 0 = -q + 6*q + l - 130, -q + 26 = l. Calculate the remainder when ((-182 - -1) + 2)*(84/(-7) - -11) is divided by q.
23
Calculate the remainder when 64/(-48)*(-132)/2 is divided by 5.
3
Suppose 5*j = 11*h - 9*h + 671, 3*j = h + 403. What is the remainder when j is divided by 31?
11
Suppose -9*h = -3405 - 6162. Calculate the remainder when h is divided by 76.
75
Let g(j) = -2*j - 2. Let n be g(-2). Suppose -n*l + 89 = 3. Calculate the remainder when l is divided by 16.
11
Let w = -229 + 49. What is the remainder when 12 is divided by 3/21 + w/(-63)?
0
Suppose 3*f - 68 = 2*q - 7, -55 = -3*f - q. Let n = -400 - -589. Suppose -n + 39 = -2*k. Calculate the remainder when k is divided by f.
18
Suppose 484*f - 474*f - 400 = 0. What is the remainder when 251 is divided by f?
11
Let b be 6/18 - (-112)/6. Suppose 0 = -5*t + j + b, 10 = 2*t - 4*j - 12. What is the remainder when 45 is divided by t?
0
Suppose -4*o + 3*x = -29, 9 = o + 4*x - 3. What is the remainder when ((-6)/(-21))/(4/476) is divided by o + (-1 - (1 + -4))?
4
Let w = 18 - 20. Let c be 7 + -2 - w/(-2). Let a = c - -6. Calculate the remainder when 26 is divided by a.
6
Suppose -4*n + 10*n = 1668. Calculate the remainder when n is divided by 70.
68
Suppose -64*y + 127 + 513 = 0. Calculate the remainder when 194 is divided by y.
4
Suppose 6*c - 2*c - 198 = -5*z, 3*z + 41 = c. Calculate the remainder when c is divided by -1*(-26)/(-4)*-4.
21
Let o = 6 + -7. Calculate the remainder when (-36)/90 + (-1 - (-302)/5) is divided by 16/(o + 2) - 1.
14
Suppose -9020 = -705*s + 685*s. What is the remainder when s is divided by 65?
61
Suppose 0 = 4*r - 3 + 19. Suppose 5*f + 4*m = 215, 4*f - 6*m - 172 = -m. What is the remainder when f is divided by r/(-18) - 97/(-9)?
10
Suppose j + 3*u = 8 + 10, -4*u + 79 = 3*j. Calculate the remainder when j is divided by 6.
3
Let s(m) = -5*m + 22. Let g(q) = -6*q + 22. Let h(z) = -6*g(z) + 7*s(z). Calculate the remainder when 59 is divided by h(-7).
14
Suppose 2*x - 7*x = -w - 275, -4*x = -3*w - 220. Let g(u) = -5*u + 4*u**2 + 6 + 9*u + 0*u. Calculate the remainder when x is divided by g(-2).
13
Suppose 0*w = -3*w - 3*h + 264, -2*w + 176 = -5*h. What is the remainder when w is divided by 26?
10
Calculate the remainder when 125 is divided by (-540)/(-34) + (-6)/51*-1.
13
Calculate the remainder when (-1)/2 + 140/56 is divided by (4 - 1)/(12/8).
0
Suppose -7*l + 3*l - 5*f = -24, -f = 2*l - 12. Suppose 0 = r + l*r - 637. Let u = -54 + r. What is the remainder when u is divided by 8?
5
Let l = -57 + 59. Let s(x) = x**3 + 8*x**2 + 9*x + 8. Let o be s(-7). Calculate the remainder when l/o*0 + 29 is divided by 16.
13
Let v = 25 - -17. Calculate the remainder when v is divided by 11.
9
Let p(d) = -d**2 + 18*d - 12. Let y be p(17). Suppose i + y*u - 2 = -1, 3*i + 5*u - 33 = 0. What is the remainder when i is divided by 5?
1
Suppose -50 = -3*n + o, -4*n + 13*o - 10*o = -60. Let s(a) = -a**3 - a**2 + a + 33. What is the remainder when s(0) is divided by n?
15
Suppose -7*y = 8*y - 525. Suppose 0 = 2*z + z - 54. Suppose 0*r = -2*r + z. What is the remainder when y is divided by r?
8
Let t = 14 - 12. Suppose i + 29 = 3*b, 4*b - 2*b + t*i = 14. Suppose -4*o + 0*q = -4*q - 52, -3*o = -q - 47. What is the remainder when o is divided by b?
8
Suppose 6340 = 320*t - 300*t. What is the remainder when t is divided by 14?
9
Let d(o) = -3*o**2 + 64*o - 139. Let n(l) = -l**2 + 21*l - 46. Let a(q) = 4*d(q) - 11*n(q). What is the remainder when 62 is divided by a(22)?
14
Suppose 7*i - 1637 = -1378. What is the remainder when 366 is divided by i?
33
Suppose 90*p - 192 = 78*p. Calculate the remainder when 73 is divided by p.
9
Let x = -19 + 39. Suppose 2*h - 3*o - 2*o - 21 = 0, 0 = -2*h + 4*o + x. Calculate the remainder when 28 is divided by h.
4
Suppose 13 = -4*w + 49. Suppose -11*n = -w*n - 12. What is the remainder when 35 is divided by n?
5
Calculate the remainder when -81*((-30)/105 - (-2)/(-42)) is divided by 10.
7
What is the rem